{"id":567,"date":"2023-08-29T14:51:17","date_gmt":"2023-08-29T12:51:17","guid":{"rendered":"https:\/\/www.lejardindenylou.com\/?page_id=567"},"modified":"2024-09-07T11:28:41","modified_gmt":"2024-09-07T09:28:41","slug":"stage","status":"publish","type":"page","link":"https:\/\/www.lejardindenylou.com\/index.php\/stage\/","title":{"rendered":"Stages &#038; Retraites"},"content":{"rendered":"\n<hr class=\"wp-block-separator has-alpha-channel-opacity\"\/>\n\n\n\n<div class=\"wp-block-group has-border-color has-pale-pink-border-color is-layout-constrained wp-container-core-group-is-layout-80fb368b wp-block-group-is-layout-constrained\" style=\"border-style:dashed;border-width:3px;border-radius:21px;padding-top:var(--wp--preset--spacing--30);padding-right:var(--wp--preset--spacing--30);padding-bottom:var(--wp--preset--spacing--30);padding-left:var(--wp--preset--spacing--30)\">\n<figure class=\"wp-block-gallery has-nested-images columns-default is-cropped wp-block-gallery-1 is-layout-flex wp-block-gallery-is-layout-flex\">\n<figure class=\"wp-block-image size-large has-custom-border\"><a href=\"https:\/\/www.lejardindenylou.com\/index.php\/initiation-a-la-meditation-du-coeur\/\"><img data-recalc-dims=\"1\" loading=\"lazy\" decoding=\"async\" width=\"1024\" height=\"577\" data-id=\"1032\" src=\"https:\/\/i0.wp.com\/www.lejardindenylou.com\/wp-content\/uploads\/2024\/02\/Meditation-du-coeur-Site-internet.png?resize=1024%2C577&#038;ssl=1\" alt=\"\" class=\"wp-image-1032\" style=\"border-style:none;border-width:0px;border-radius:25px\" srcset=\"https:\/\/i0.wp.com\/www.lejardindenylou.com\/wp-content\/uploads\/2024\/02\/Meditation-du-coeur-Site-internet.png?resize=1024%2C577&amp;ssl=1 1024w, https:\/\/i0.wp.com\/www.lejardindenylou.com\/wp-content\/uploads\/2024\/02\/Meditation-du-coeur-Site-internet.png?resize=300%2C169&amp;ssl=1 300w, https:\/\/i0.wp.com\/www.lejardindenylou.com\/wp-content\/uploads\/2024\/02\/Meditation-du-coeur-Site-internet.png?resize=768%2C433&amp;ssl=1 768w, https:\/\/i0.wp.com\/www.lejardindenylou.com\/wp-content\/uploads\/2024\/02\/Meditation-du-coeur-Site-internet.png?resize=1536%2C865&amp;ssl=1 1536w, https:\/\/i0.wp.com\/www.lejardindenylou.com\/wp-content\/uploads\/2024\/02\/Meditation-du-coeur-Site-internet.png?w=1640&amp;ssl=1 1640w\" sizes=\"auto, (max-width: 1000px) 100vw, 1000px\" \/><\/a><\/figure>\n<\/figure>\n\n\n\n<p class=\"has-text-align-center has-pale-pink-color has-text-color has-link-color has-medium-font-size wp-elements-04b9fc2f580816bd49fe2ff626c90d75\"><a href=\"https:\/\/www.lejardindenylou.com\/index.php\/initiation-a-la-meditation-du-coeur\/\"><strong><em>Initiation \u00e0 la M\u00e9ditation du Coeur<\/em><\/strong><\/a><\/p>\n\n\n\n<p class=\"has-text-align-center has-medium-font-size\"><strong>Stage en 2 journ\u00e9es<\/strong><\/p>\n\n\n\n<p class=\"has-text-align-center has-secondary-color has-text-color has-link-color has-medium-font-size wp-elements-65c5e84a53555902cc0ddb70ac3e3059\"><strong>Prochaines dates \u00e0 venir<\/strong><\/p>\n<\/div>\n\n\n\n<hr class=\"wp-block-separator has-alpha-channel-opacity\"\/>\n","protected":false},"excerpt":{"rendered":"<p>Initiation \u00e0 la M\u00e9ditation du Coeur Stage en 2 journ\u00e9es Prochaines dates \u00e0 venir<\/p>\n","protected":false},"author":1,"featured_media":0,"parent":0,"menu_order":0,"comment_status":"closed","ping_status":"closed","template":"","meta":{"jetpack_post_was_ever_published":true,"footnotes":""},"class_list":["post-567","page","type-page","status-publish","hentry"],"jetpack-related-posts":[],"jetpack_sharing_enabled":true,"_links":{"self":[{"href":"https:\/\/www.lejardindenylou.com\/index.php\/wp-json\/wp\/v2\/pages\/567","targetHints":{"allow":["GET"]}}],"collection":[{"href":"https:\/\/www.lejardindenylou.com\/index.php\/wp-json\/wp\/v2\/pages"}],"about":[{"href":"https:\/\/www.lejardindenylou.com\/index.php\/wp-json\/wp\/v2\/types\/page"}],"author":[{"embeddable":true,"href":"https:\/\/www.lejardindenylou.com\/index.php\/wp-json\/wp\/v2\/users\/1"}],"replies":[{"embeddable":true,"href":"https:\/\/www.lejardindenylou.com\/index.php\/wp-json\/wp\/v2\/comments?post=567"}],"version-history":[{"count":38,"href":"https:\/\/www.lejardindenylou.com\/index.php\/wp-json\/wp\/v2\/pages\/567\/revisions"}],"predecessor-version":[{"id":1656,"href":"https:\/\/www.lejardindenylou.com\/index.php\/wp-json\/wp\/v2\/pages\/567\/revisions\/1656"}],"wp:attachment":[{"href":"https:\/\/www.lejardindenylou.com\/index.php\/wp-json\/wp\/v2\/media?parent=567"}],"curies":[{"name":"wp","href":"https:\/\/api.w.org\/{rel}","templated":true}]}}